 -14).
-4
What is -18 - (-2 + -8) - -13?
5
Calculate -49 + 53 + (0 - (1 - 0)).
3
Evaluate -23 + 20 + (3 - (-3 - -5)).
-2
Calculate (-3 - -1) + -6 + -14 + 25.
3
Evaluate -10 + 15 - (8 - -3).
-6
Evaluate (-2 - (3 + -2)) + (2 - 2).
-3
5 - (6 - ((0 - -7) + -2))
4
Evaluate 3 - (1 + 0) - (-10 + 7).
5
Evaluate 5 + -9 - -7 - 7.
-4
What is the value of (-6 - -6) + 3 + -9 + 4?
-2
What is the value of (-9 - (-3 + 3 + -7)) + 1?
-1
Evaluate -17 + 21 + (1 - 2) + -10.
-7
What is (-2 + -1 - -5) + 0 - -2?
4
Calculate (-6 - -7) + (1 + -3 - -1).
0
Evaluate 7 + 0 + (0 - 3).
4
Evaluate -3 + (-1 + 0 - -2).
-2
What is the value of 0 - -6 - 12 - -8?
2
2 - (-1 + (2 - (-5 - -3)))
-1
What is (1 + -3 + -6 - -5) + -3?
-6
What is the value of 10 + (-5 - -6 - 7)?
4
Evaluate 5 - (5 + (-5 - -1)).
4
Evaluate 335 - 329 - (1 - 0).
5
What is -4 - (1 + -1) - (-3 + -3)?
2
-2 + (-8 + 3 - -3)
-4
What is the value of -6 + 5 - ((0 - 2) + 3)?
-2
What is the value of -5 - ((3 - 4) + -10)?
6
Calculate -3 + (4 + -3 - -4).
2
Calculate -1 + -3 + 3 + 6.
5
0 - 4 - (2 + -1)
-5
What is the value of -3 + (2 - (3 + -1)) + 2?
-1
What is -9 - (-17 + 9 + -7)?
6
What is the value of 1 + -5 + -1 + (-52 - -55)?
-2
Calculate 4 + 2 + 2 + -4 + -9.
-5
Calculate 2 + 7 - (6 + -2).
5
What is the value of 4 - (-1 + 6) - -4?
3
Evaluate -3 + 0 + 22 + -23 + 7.
3
Evaluate -2 - (8 + -7 - 6).
3
What is the value of 6 - (-1 + 0) - 0?
7
What is (2 + -4 + 2 - 1) + -1?
-2
Evaluate 9 + -11 + (-1 - -5).
2
(-9 - -7) + (-6 - -7)
-1
Evaluate -9 + 16 + (1 - 2).
6
What is the value of 1 - (-7 + 1 + 2 + 0)?
5
What is 7 - 3 - (2 - -2 - 2)?
2
-16 - -9 - -3 - -3
-1
4 + -2 - -7 - 9
0
Evaluate (-4 - -7 - 3) + -23 + 15.
-8
Calculate -4 + (-6 - (1 - 5)).
-6
What is the value of (6 - -2) + -5 - 2?
1
What is the value of 5 + (-1 - -2) + -2?
4
Evaluate 0 - 0 - (1 + 7 - 3).
-5
Calculate 4 + -13 + 9 - (-2 + -2).
4
What is (-3 - -7) + -6 - 3?
-5
What is the value of 7 - ((-3 - -5) + (4 - 1))?
2
Evaluate -3 + 2 - (3 - 3).
-1
What is the value of (1 - -1) + (2 - (-2 + 2))?
4
Calculate (3 + -4 - 3) + 4.
0
What is -64 - -74 - (2 + 0)?
8
What is 0 - (7 - 4 - 1)?
-2
Evaluate 2 - (-3 - (3 + 3 - 7)).
4
Calculate (4 - (-5 - -6)) + (-13 - -2).
-8
What is 2 + 5 + -1 + -3 - -4?
7
Evaluate -2 + 1 - (2 + (-16 - -7)).
6
What is the value of (1 - -2) + (6 - 5) - 10?
-6
What is the value of -6 + 17 + 0 + -8?
3
Calculate (6 - 5) + 1 + 5 + -2.
5
What is the value of -1 + (3 - 15) + 12?
-1
(15 - 16) + -1 + 6
4
What is -4 + 16 + -20 + (0 - -6)?
-2
Evaluate -7 - (10 - (4 - -11)).
-2
Evaluate -3 + (2 - 0) + -3 + 6.
2
What is the value of (-5 - -5) + -1 - -3?
2
What is 0 - 0 - (-6 - -9)?
-3
What is (11 - (1 + 23)) + 18?
5
Evaluate -5 - ((-6 - -3) + 3 + 1).
-6
Calculate (12 - (-6 + 12)) + (-11 - -1).
-4
Evaluate -1 + 5 + 3 + -6.
1
Evaluate -1 - (2 - (3 + (-5 - -5))).
0
Calculate (0 - 4) + (-3 - (-3 - -3)).
-7
What is -1 + 8 + (21 - 24)?
4
What is 4 + (-11 - (-3 + -3 + 5))?
-6
What is the value of -14 + 12 + 5 + -1 + -1?
1
7 + -22 + 8 + 8
1
Evaluate -3 + 0 + -3 - (-37 - -23).
8
What is -1 + -1 + -1 + -15 + 15?
-3
Calculate 5 - (4 + 6) - (-10 + 13).
-8
What is the value of -2 + 6 + -2 + -2 + -5?
-5
Evaluate (-1 - 0 - -4) + -89 + 89.
3
-7 - (0 - (-1 + 6) - -2)
-4
What is -3 - (7 - (-5 - -7 - -4))?
-4
Calculate (-1 - (4 + -9)) + -13 + 4.
-5
Calculate 1 + 3 - (-8 - -10).
2
Evaluate 2 + -6 + 6 - (0 + -1).
3
7 + (1 - 8) + 4
4
What is the value of 1 - (-3 - (-5 + 5 + -4))?
0
What is -8 + -2 + -1 + (5 - -3)?
-3
What is (0 - 1) + 0 + (3 - 6)?
-4
Calculate 4 + -5 + 3 + -2.
0
5 + ((4 - 5) + 2 - 1)
5
What is -1 + 16 + (-12 - -1)?
4
What is -44 - -24 - (-1 - 12)?
-7
Calculate 1 + -4 + (2 - 0) + 2.
1
Calculate 18 + -13 - (1 + 0).
4
-2 + -2 + 0 + 2 + 3
1
What is (2 - 1) + 0 - (-27 - -29)?
-1
Calculate 1 + -3 - (2 + 0 + -9).
5
Calculate (1 - (4 - 0)) + -1 - 1.
-5
Calculate -2 + -2 + -4 + 5 + 1.
-2
Calculate 5 + 4 + -9 + -6.
-6
What is the value of (348 - 349) + (0 - 2) + 0?
-3
Evaluate 10 + -6 + 3 - (7 - 2).
2
What is -7 - 5 - (5 - 17)?
0
Evaluate (-2 - (-3 - 1) - 2) + 4.
4
Evaluate -4 + (1 - (-5 + 2)).
0
Calculate 4 - 0 - (5 - -1).
-2
Evaluate -7 + 1 + -2 + (1 - -5).
-2
What is 6 - (10 - (13 - 16))?
-7
What is (-6 - -1) + 71 + -62 + 3?
7
Evaluate 0 - (4 - 7) - 1.
2
Evaluate -6 + (15 - 10) + (1 - 2).
-2
(2 + -1 - 1) + (-1 - -2)
1
What is 7 - 4 - (4 + 0)?
-1
5 + -2 + -12 + 4 + 0
-5
What is -3 - -3 - 4 - -8?
4
Calculate 3 - (-7 + -1 - -13).
-2
-9 - (5 + -30) - 9
7
-1 + (-3 - 1) + 4 + 1
0
1 - (2 + (3 - 6) + 0)
2
6 + -10 + 6 + 0
2
What is -2 - (2 - 2 - 3)?
1
Calculate 0 + -3 - (0 - 0).
-3
12 + -9 + (0 - 4)
-1
What is the value of 17 - 0 - (73 + -59)?
3
Evaluate 2 - (-4 + 6 + (-1 - 2)).
3
(3 - 5 - 2) + 1
-3
1 - (2 - (1 + 0 + 2))
2
-7 + 16 + -8 + -8 + 5
-2
Calculate (-4 - (4 - 9)) + (0 - -3).
4
Calculate (-2 - (-1 + -3) - 4) + 0.
-2
Calculate (3 - 0) + -6 - (-3 + 4).
-4
Evaluate 1 + (-3 - -3) + 4.
5
Evaluate -12 + (-3 - -5) - (-8 + 4).
-6
23 + -18 + (1 - 4) - 6
-4
Calculate -3 + 1 + (0 - -4).
2
What is 4 + 2 + 1 + -3 + 2?
6
Calculate 4 - (3 - 4 - (0 + 0)).
5
Calculate 7 + -7 + -7 + 12 - 1.
4
What is -8 + (-2 - 1 - -2) + 4?
-5
Calculate (-1 + -4 - -3) + 0.
-2
Evaluate (-1 - (-1 - 4)) + 49 + -58.
-5
Evaluate -7 - (-7 + 0 - (-5 + 3)).
-2
Calculate -3 - (-8 - (3 + 0) - -3).
5
(-2 + 3 - 0) + 0
1
What is the value of 6 - (2 + -3 + 8)?
-1
Evaluate 4 + (3 - 8) - 6.
-7
What is the value of 0 - (0 + -1 - -2 - -2)?
-3
What is the value of -1 + 9 + (-3 - 0 - 1)?
4
-12 - (-7 + 2) - -5
-2
What is (6 + -5 - -2) + -9?
-6
Evaluate -5 - (-16 + 3) - 3.
5
What is 1 + (-1 - 1 - (31 + -25))?
-7
-1 - (-28 + 26 - (-5 - 0))
-4
Evaluate (2 + 0 - 3) + (-3 - -3).
-1
What is 4 + -7 + 0 + 1 + 0?
-2
What is 6 + (-10 - 0) + 6?
2
Evaluate (-8 + 1 + 7 - 6) + 4.
-2
-3 + (-6 - (-7 - -1 - -5))
-8
Calculate 0 + -5 - ((-17 - -1) + 11).
0
-3 - (3 + (-1 + 1 - 3))
-3
13 + (-14 - (-6 + 1))
4
What is (2 - -1) + 2 + -2 - 4?
-1
Evaluate 6 + 1 - (60 - 50).
-3
-8 + -1 + (-3 + 0 - -7)
-5
What is 6 - (-1 + -2) - 6?
3
(-4 - -9) + 1 + -1
5
Evaluate 2 + 1 + -5 + (4 - 2).
0
What is the value of (-3 - (-2 + -5)) + -2?
2
Calculate (3 - (1 - 0)) + -9.
-7
Evaluate -1 - (1 + -5) - 2.
1
Evaluate 0 + (4 - (2 + 1)) + -3.
-2
What is -3 + 6 - (-16 + 17)?
2
What is the value of -5 - (5 + -2 + -3)?
-5
Evaluate -16 + 10 + 5 + -2.
-3
Evaluate -5 + -7 + (5 - (-1 + 0)).
-6
Evaluate (2 - 3) + (1 - -1 - 3).
-2
Evaluate (-2 - 1) + -3 - (4 + -7).
-3
Calculate (-1 - (1 - 4) - -2) + -9.
-5
Calculate 4 - (3 + (-2 - 1) + 0).
4
Calculate 1 + -8 + -6 + 8 + 3.
-2
Evaluate -5 - (-5 + 9 - 3).
-6
What is the value of -5 + -1 + -1 + 6 + -4?
-5
49 + -48 + 0 + (-1 - -2)
2
Calculate -10 - (-2 - 4) - (0 + -3).
-1
Evaluate 6 + -10 + (5 + -1 - -2).
2
What is 0 + 4 + -5 + 0?
-1
Evaluate 3 + -7 + (-14 - -28).
10
What is (44 - 48) + (11 - 1)?
6
What is -30 + 35 - ((-1 - -1) + 1)?
4
Calculate 3 - (0 + -2 + -8 + 7).
6
What is the value of 20 - 22 - ((-2 - -3) + -11)?
8
-3 - (-3 + 5 - 1 - 1)
-3
Evaluate -38 - -22 - -13 - (6 - 0).
-9
Calculate 0 + 0 - (43 + -46).
3
Evaluate -2 + -3 - (8 - (-1 + 9)).
-5
Calculate 2 - (8 + (3 - 5)) - -7.
3
Calculate -3 - (1 - (8 - 0)) - 0.
4
What is -7 + 4 + (0 - 2)?
-5
What is the value of 0 - ((8 - 5) + 3 - 1)?
-5
What is the value of -58 + 60 - (-3 - -1)?
4
-4 - (-4 + 2 + -4 - -5)
-3
What is 0 - (-4 - -9 - (-3 - 3))?
-11
-1 - 6 - (43 - 47)
-3
Evaluate 6 - (7 - (-2 - -6)).
3
Evaluate (675 - 679) + 0 + (5 - 1).
0
What is ((-2 - -4) + -4 - -5) + -6?
-3
What is the value of (4 - 3 - (-2 - -8)) + 7?
2
Calculate 6 + (8 + -10 - 13).
-9
What is the value of 2 + -2 + -5 + 6?
1
Evaluate (-3 - 3) + -2 + 1 + 3.
-4
Evaluate 3 + 2 + -6 + 1.
0
What is (-6 - -3) + -2 - (-41 + 37)?
-1
What is 0 + 1 - -6 - 8?
-1
Evaluate (0 - (-2 - -2)) + 2 - -2.
4
-7 + 11 - (0 - -3)
1
(1 - -3 - 2) + -4 - -3
1
Calculate (4 - (11 - 6)) + 4.
3
-1 - -2 - -7 - (-16 + 19)
5
Calculate (5 - (7 - 2)) + 0.
0
-14 - ((-4 - 1) + -12 + 10)
-7
Calculate (-1 - 2) + 4 + 0.
1
Calculate -1 + (7 + -7 - (-3 - -9)).
-7
What is the value of 5 - (-4 - (0 - 4))?
5
What is the value of -6 + 1 - ((4 - 9) + 2)?
-2
-9 + 8 - (0 + 3 - 0)
-4
Evaluate 1 + 0 - (3 + (-16 - -16)).
-2
Evaluate (0 - -4 - 12) + 6.
-2
Evaluate 6 + (-6 - -1) - -1.
2
Evaluate (-5 - -4) + 1 + 0 + -5.
-5
What is the value of (-1 - (-1 - 1